culate the highest common divisor of 153 and 126.
9
What is the highest common factor of 3249 and 76?
19
What is the highest common factor of 16 and 634?
2
Calculate the greatest common factor of 161 and 49.
7
What is the greatest common factor of 728 and 338?
26
Calculate the greatest common divisor of 10233 and 135.
27
What is the highest common divisor of 451 and 11?
11
What is the greatest common divisor of 34887 and 87?
87
Calculate the greatest common factor of 722 and 38.
38
What is the greatest common divisor of 246 and 82?
82
Calculate the greatest common factor of 7 and 308.
7
Calculate the greatest common factor of 15048 and 1197.
171
Calculate the highest common divisor of 84493 and 19.
19
What is the highest common factor of 182 and 1029?
7
Calculate the greatest common divisor of 22 and 2222.
22
Calculate the greatest common divisor of 126 and 5922.
126
What is the highest common factor of 775 and 186?
31
Calculate the highest common divisor of 182 and 1378.
26
What is the greatest common factor of 445 and 2136?
89
What is the greatest common factor of 9 and 441?
9
Calculate the greatest common divisor of 1148 and 164.
164
Calculate the highest common factor of 1101 and 3.
3
Calculate the highest common factor of 3006 and 18.
18
What is the greatest common divisor of 7 and 9044?
7
What is the highest common divisor of 2702 and 70?
14
What is the highest common factor of 21 and 441?
21
What is the highest common divisor of 2911 and 41?
41
Calculate the greatest common divisor of 30 and 270.
30
Calculate the highest common factor of 4601 and 214.
107
What is the greatest common divisor of 59 and 177?
59
What is the highest common divisor of 215 and 43?
43
Calculate the greatest common divisor of 2926 and 616.
154
Calculate the greatest common factor of 23 and 2645.
23
What is the highest common divisor of 8 and 100?
4
Calculate the highest common divisor of 45 and 240.
15
Calculate the highest common divisor of 54 and 7137.
9
Calculate the greatest common factor of 42 and 21.
21
What is the greatest common divisor of 25 and 5?
5
What is the greatest common factor of 80 and 50?
10
Calculate the highest common divisor of 76 and 8.
4
Calculate the greatest common factor of 74 and 370.
74
Calculate the highest common factor of 218 and 118.
2
What is the highest common factor of 29 and 783?
29
What is the highest common factor of 78 and 3003?
39
What is the highest common factor of 53 and 1272?
53
Calculate the highest common factor of 176 and 209.
11
Calculate the highest common factor of 1183 and 91.
91
What is the highest common divisor of 55 and 3135?
55
What is the greatest common factor of 28 and 602?
14
What is the greatest common factor of 32 and 268?
4
Calculate the greatest common divisor of 36 and 1320.
12
What is the highest common divisor of 678 and 5650?
226
What is the greatest common divisor of 5831 and 98?
49
What is the greatest common divisor of 126 and 1197?
63
Calculate the greatest common divisor of 6566 and 134.
134
What is the highest common factor of 53 and 2279?
53
What is the highest common divisor of 8 and 2456?
8
What is the highest common divisor of 3855 and 15?
15
What is the highest common factor of 156 and 1014?
78
What is the highest common factor of 73 and 3431?
73
Calculate the greatest common divisor of 6453 and 956.
239
Calculate the greatest common factor of 1 and 25.
1
Calculate the greatest common factor of 6 and 22062.
6
What is the greatest common divisor of 26 and 1313?
13
What is the highest common divisor of 29 and 464?
29
Calculate the highest common factor of 31160 and 246.
82
Calculate the highest common divisor of 989 and 23.
23
Calculate the highest common divisor of 39 and 2.
1
What is the highest common factor of 288 and 1368?
72
Calculate the highest common divisor of 3179 and 187.
187
Calculate the greatest common factor of 22 and 5786.
22
What is the greatest common divisor of 280 and 70?
70
Calculate the highest common divisor of 276 and 648.
12
What is the highest common factor of 6 and 2094?
6
Calculate the greatest common factor of 125 and 25.
25
Calculate the highest common factor of 78 and 5538.
78
What is the highest common divisor of 128 and 8944?
16
Calculate the greatest common factor of 117 and 910.
13
What is the greatest common divisor of 12 and 36?
12
What is the greatest common divisor of 84 and 462?
42
Calculate the greatest common divisor of 345 and 138.
69
Calculate the greatest common factor of 12005 and 70.
35
Calculate the highest common divisor of 1674 and 117.
9
What is the highest common factor of 126 and 54?
18
Calculate the greatest common factor of 62 and 1023.
31
What is the highest common divisor of 1743 and 21?
21
Calculate the greatest common factor of 5 and 22.
1
Calculate the highest common divisor of 34 and 29240.
34
Calculate the greatest common factor of 4995 and 9.
9
Calculate the highest common divisor of 1648 and 176.
16
What is the highest common factor of 104 and 16?
8
Calculate the highest common factor of 27924 and 156.
156
What is the highest common factor of 4048 and 16?
16
Calculate the highest common divisor of 72 and 1896.
24
Calculate the highest common factor of 24 and 492.
12
What is the greatest common divisor of 156 and 52?
52
What is the highest common divisor of 59784 and 282?
282
What is the greatest common factor of 16 and 11168?
16
Calculate the greatest common divisor of 315 and 180.
45
What is the highest common divisor of 384 and 48?
48
What is the greatest common factor of 51 and 51?
51
What is the greatest common divisor of 1032 and 43?
43
What is the highest common divisor of 65 and 3029?
13
Calculate the highest common divisor of 42066 and 54.
54
Calculate the greatest common factor of 9 and 99.
9
Calculate the greatest common factor of 4149 and 1.
1
What is the greatest common factor of 65 and 820?
5
Calculate the highest common factor of 20 and 130.
10
Calculate the highest common divisor of 1547 and 357.
119
What is the highest common factor of 10192 and 49?
49
What is the greatest common factor of 716 and 4?
4
Calculate the highest common divisor of 636 and 60.
12
Calculate the highest common divisor of 805 and 105.
35
Calculate the highest common factor of 220 and 640.
20
What is the greatest common divisor of 92 and 69?
23
What is the highest common factor of 160 and 4900?
20
What is the highest common factor of 20 and 8140?
20
Calculate the highest common factor of 1014 and 17914.
338
Calculate the greatest common factor of 6 and 14.
2
What is the highest common factor of 10 and 2095?
5
What is the highest common divisor of 120 and 15060?
60
Calculate the greatest common factor of 625 and 25.
25
What is the greatest common divisor of 276 and 108?
12
Calculate the greatest common factor of 99 and 1287.
99
Calculate the greatest common divisor of 50 and 2.
2
Calculate the highest common factor of 2368 and 629.
37
What is the greatest common divisor of 256 and 416?
32
What is the highest common divisor of 437 and 69?
23
What is the greatest common factor of 474 and 36?
6
What is the highest common divisor of 72 and 20700?
36
What is the highest common factor of 4292 and 37?
37
What is the greatest common divisor of 84 and 189?
21
What is the highest common divisor of 6 and 18?
6
What is the highest common factor of 66 and 6?
6
Calculate the highest common divisor of 84 and 21.
21
What is the greatest common divisor of 3728 and 16?
16
Calculate the greatest common factor of 1056 and 66.
66
Calculate the highest common factor of 4015 and 385.
55
Calculate the highest common factor of 20 and 28.
4
What is the highest common factor of 10 and 34?
2
Calculate the highest common factor of 3458 and 598.
26
What is the highest common factor of 33 and 4169?
11
What is the highest common divisor of 93 and 961?
31
What is the highest common factor of 3591 and 14?
7
What is the highest common divisor of 205 and 8405?
205
What is the greatest common factor of 16 and 1032?
8
What is the greatest common factor of 224 and 24?
8
Calculate the greatest common divisor of 664 and 1826.
166
What is the greatest common divisor of 4026 and 528?
66
What is the highest common factor of 2 and 828?
2
Calculate the highest common divisor